b = -7. Let w(v) = -v**3 + z*v**3 + 3*v + v**f - 7*v**2 + 3. Give w(5).
-7
Let q(i) = i**2 + i + 2. Suppose 2*m - 4 = -3*a, -2*a - 3*m + 6 = -a. Calculate q(a).
2
Let s(m) = 3*m + 5. Let l = 5 - 1. Let h(j) = 4*j - 8*j + 0 - l. Let a(d) = 4*h(d) + 3*s(d). Give a(1).
-8
Let q(o) = 0*o**3 - 2*o**3 - 6*o - 4 + 3*o**3 + 4*o**2. Let w(g) = -1. Let d(a) = a - 2. Let y(t) = 2*d(t) - 3*w(t). Let p be y(-2). Give q(p).
1
Let r(x) = -3*x**3 + 12*x**2 + 17*x + 3. Let z(g) = g**3 - 6*g**2 - 8*g - 1. Let y(i) = -2*r(i) - 5*z(i). Determine y(-5).
-6
Let m(a) = -a**2 + 1. Suppose 0 = 5*j - 2 - 8. Let n(u) = -u**2 + u + 1. Let w(d) = j*n(d) - m(d). Determine w(-1).
-2
Suppose -2 = -5*z + 3. Let x be (-1)/(-2)*(z - 1). Let n(l) = -3*l - 2 + 4*l - l**2 + 0*l**2. Determine n(x).
-2
Let b(q) = 6*q - 1. Let h = 8 - 6. Give b(h).
11
Let r(i) = -i**2 + 2*i - 1. Let f be 5*(-5)/(75/6). Calculate r(f).
-9
Let y(v) be the third derivative of -v**5/60 + v**4/6 + v**3/2 + 5*v**2. What is y(4)?
3
Let d(p) = -4*p**3 + 10*p**2 - 3*p - 9. Let w(t) = -5*t**3 + 11*t**2 - 2*t - 10. Let a(k) = -6*d(k) + 5*w(k). Determine a(-6).
-8
Let q(u) be the third derivative of 0*u + 1/10*u**5 + 1/120*u**6 + 0 + 2*u**2 + 1/8*u**4 - u**3. Let x = -10 + 5. Determine q(x).
4
Suppose -12 = -3*p, -28 = q + 3*q - p. Let i be q/4*30/(-9). Let h(v) = -v**2 + 7*v - 5. Calculate h(i).
5
Let j(u) = -1 - 2*u**2 - u**2 + u - 2*u**2 + 6*u**2. Let q(s) = s**2 + 5*s - 2. Let n(p) = -2*j(p) + q(p). Give n(4).
-4
Let r(j) = j**3 + j**2 - j - 4. Suppose -2*a = -3*c - 9, -3*c = 3*a - 0*c + 9. Let g be r(a). Let d = -3 - g. Let p(w) = -6*w**3 + 2*w**2 - 1. Determine p(d).
-5
Suppose 0 = -3*w + 5*z + 25, -8*w + 5 = -3*w - z. Let h(r) be the second derivative of -r**5/20 - r**3/6 - 2*r**2 - 6*r. Determine h(w).
-4
Let s(u) = 25*u**2 + 6*u + 6. Let t(g) = -5*g**2 - g - 1. Let i(o) = 2*s(o) + 11*t(o). Suppose -150 = -5*h - 155. Give i(h).
-5
Let u(w) be the second derivative of -2*w**5/15 + w**3/6 + w**2 - 2*w. Let v(m) be the first derivative of u(m). Suppose -5*i + 0 = 5. Calculate v(i).
-7
Let i(p) be the first derivative of -p**4/12 - p**2 - 6*p + 5. Let d(q) be the first derivative of i(q). Let m(b) = b - 1. Let z be m(4). What is d(z)?
-11
Let c = 7 - 4. Let y(m) = -3 + 0*m**3 - 3*m**c + 4*m**3. Let w be 5/4 + -1 + 9/(-36). What is y(w)?
-3
Let b(g) = g**2 + 7 + g - 3*g - 2*g**2. Let u(j) = -3*j**2 - 12*j - 5. Let i be u(-4). What is b(i)?
-8
Let c(a) = -8*a - 1 - 3 - 2 - a**2. Suppose 2*t + 4*j + 2 = 0, 5*t + 44*j + 35 = 49*j. Calculate c(t).
9
Suppose -4 = -l - 3. Let q(t) = 7*t**3 + t**2. Calculate q(l).
8
Let x = 4 - 2. Let k(j) = 0*j**3 - x + j**3 + 1 + 4*j**2 + 0*j**3. Let q(w) = w - 2. Let p be q(-2). Determine k(p).
-1
Let r(h) be the second derivative of h**5/20 + h**3/6 + 5*h**2/2 + 15*h. Determine r(0).
5
Let r(v) be the first derivative of v**3/3 - 5*v**2/2 - 4*v + 14. What is r(6)?
2
Let j be (-2)/(-2) - (-2 + 7). Let g(r) = -13*r + 8*r + 6*r - 1. Calculate g(j).
-5
Let s(b) = b + 1 + 4 + b**2 - 4*b. Let a be ((-1)/2)/((-4)/(-80)). Let h = -6 - a. What is s(h)?
9
Let b be (2 - 1)*3 - 0. Let y(n) = -2*n - 2*n - 1 + b*n. Let h = 11 - 7. What is y(h)?
-5
Let v(q) be the first derivative of -q**2/2 + 8*q + 13. What is v(-8)?
16
Let y be (-4)/8*-6 + -2. Let d(a) = 1 + y - 9*a**2 + 4*a**2 + a**3. Suppose 10 = 5*w - 5*g, -5*w - 3*g = -4*g - 22. Calculate d(w).
2
Let k = 83 + -69. Let f = -6 + 8. Suppose 2*n - w = 5*n + 17, -n - k = f*w. Let m(d) = -d**3 - 5*d**2 - 3*d - 1. What is m(n)?
-5
Let m(k) be the first derivative of 2*k**3/3 + 3*k**2 + 3*k + 1. Let l = -10 - -6. Calculate m(l).
11
Let a(c) = 8*c - 1. Let n(z) = -z**2 - 6*z + 4. Let x be n(-6). Suppose 3*b = -3*w - 0*w - 15, -x*b - 3*w = 16. Calculate a(b).
-9
Let l be -3 + 7 - 4 - 0. Let q(j) = -j**3 + j - 21. Give q(l).
-21
Let p(f) = f**2 + 4*f - 3. Let x be 1/2*-9*12/9. Calculate p(x).
9
Suppose 0 = -x - 3*x. Let i(j) be the third derivative of j**6/720 - j**5/60 - j**4/12 - j**2. Let d(g) be the second derivative of i(g). Calculate d(x).
-2
Let v = -11 + 14. Suppose 0 = -v*i + f - 14, -4 = 3*i + 3*f + 2. Let u(k) = k**2 + 5*k + 1. What is u(i)?
-3
Suppose 3*j - b - 4 = -2*j, -3*j = -5*b + 2. Suppose -4 = -3*u + u. Let n(f) = 3*f - 3*f**2 + 0*f + 4*f**u - j. Calculate n(-2).
-3
Let k(f) = 3*f**2 - 5*f**2 - 2 + 0*f - f. Let i be (-2 - (-4)/(-4)) + -14. Let o = i + 15. Give k(o).
-8
Suppose -10*v = 4*v - 14. Let h(f) = -6*f**3 - f**2 + f - 1. Determine h(v).
-7
Let h(t) = -t**2. Let g(l) = 5*l**2 - 6*l - 6. Let p(j) = g(j) + 6*h(j). Let i be -3*2*10/(-12). Let u = i - 10. Calculate p(u).
-1
Let q(k) be the second derivative of -k**4/24 + k**3/6 - 2*k**2 + 6*k. Let i(v) be the first derivative of q(v). Determine i(-4).
5
Suppose 0 = -4*z + 5*m - 6, z - 3*m + 7 = 2*z. Suppose z = -4*y - 3. Let g = y + -1. Let d(j) = j**3 + j**2 + 2*j + 1. Calculate d(g).
-7
Let s(p) = -p**3 - 5*p**2 - 2*p + 4. Let b = -14 + 21. Let f = b - 10. Let u = 0 + f. Give s(u).
-8
Let p(a) be the second derivative of a**4/2 + a**3/6 - 4*a - 7. Let h be 0 - -1 - (0 - 0). Calculate p(h).
7
Let h(g) = -g. Let z(u) = u**3 - 5*u**2 + u. Let j be z(5). Give h(j).
-5
Let s(r) be the first derivative of r**6/120 + r**5/15 - r**4/24 - r**3/6 + r**2/2 - 9. Let x(b) be the second derivative of s(b). What is x(-4)?
3
Suppose -3*t + 2*t - 1 = 0. Let z(i) be the second derivative of -i**5/5 - i**4/12 - i - 11. What is z(t)?
3
Suppose 6 = 2*p - 0. Suppose 0 = -5*k + 4*k. Let x(a) = 2*a**2 + 5*a + k - 3*a - 3 - 5*a. Give x(p).
6
Let a(t) = -6*t + t - 1 - t + 4*t**3 + 4*t - 2*t**2. What is a(-1)?
-5
Suppose 3*r = 17 - 11. Let m(l) be the second derivative of -l**5/20 + l**4/3 - 2*l**3/3 + 3*l**2/2 + 5*l. Calculate m(r).
3
Suppose 0 = -3*h + h. Let u(z) be the first derivative of z**4/4 - z**3/3 + z**2/2 - 6*z - 1. Calculate u(h).
-6
Let i(c) = -2*c - 1. Let w(s) = 6*s**3 + s**2 - 1. Let k be w(1). Let l = 1 - k. Let p = l - -1. What is i(p)?
7
Let y(u) = 0*u - 1 + 3*u + 3*u + 2. Suppose 3*g - 2 - 4 = 0. Suppose -g*p = v + 7, 3*p + 2*p + 17 = -3*v. Determine y(v).
7
Let n(f) = 7*f + 13. Let o(h) = -4*h - 7. Let j(q) = -3*n(q) - 5*o(q). Calculate j(-5).
1
Let n(t) = -t**3 + 6*t**2 - 3*t - 4. Let v(h) = 2*h - 5. Let s be v(5). Determine n(s).
6
Suppose 0 = -5*b - 0 + 25. Suppose 2*i = -4*g - 8, -3*g = 5*i - b*g - 4. Let t(w) = -w**3 + w**2 + w - 6. Give t(i).
-6
Let v = 2 + -4. Let s(f) = -f**3 + f**2 + 2*f. Calculate s(v).
8
Let b = 917/2220 - -2/555. Let j(r) be the second derivative of -1/20*r**5 - 5/2*r**2 + 2*r + 0 - b*r**4 - 1/3*r**3. Calculate j(-5).
5
Let m(c) = -c - 1. Suppose -5 = a + 4*a. Let y be 5 + 2/a + 1. Suppose 3*j = y - 16. Calculate m(j).
3
Let s(g) = g**3 - 1. Let q(j) = 4*j**3 + 5*j**2 + 2*j + 3. Let m(o) = -q(o) + 3*s(o). Suppose 2 = -5*y + 42. Let l = 3 - y. Give m(l).
4
Let i(l) = -l**2 + 5*l - 6. Let b(t) = -2*t**2 + 9*t - 13. Let v(y) = -3*b(y) + 7*i(y). Give v(7).
4
Let u(b) be the first derivative of b**2 - 4*b - 1. Suppose -s = 3*s + 24. Calculate u(s).
-16
Let n = -7 - -10. Let v(d) be the first derivative of -1 + d**n + d - 1/4*d**4 + 2*d**2. Give v(4).
1
Suppose 3*v = 5*l + 17, 4*v - 4*l = 12 + 8. Let z(o) = 2 - 8 + 5*o - 2*o. Give z(v).
6
Let f(j) = j**2 + 2*j - 1. Let q(s) = 2*s + 18. Let w be q(-8). Calculate f(w).
7
Let n(i) = 9*i + 4. Let s(f) = -10*f - 4. Let h(j) = -6*n(j) - 5*s(j). Determine h(-3).
8
Let h = 88 - 80. Let b(c) = -c - 1. Calculate b(h).
-9
Let i(k) = k + 10. Let g(q) = -q - 10. Let b(j) = 4*g(j) + 5*i(j). What is b(0)?
10
Let a be 2/(-6) - (-2)/6. Suppose 0 = -a*v - v. Let i(f) = -f**3 - f**2 + f + 4. What is i(v)?
4
Let u(z) be the third derivative of z**5/6 + z**4/24 - 39*z**2. Give u(1).
11
Let x(d) = -7*d**3 + 2*d**2 + 5*d + 3. Let t(r) = -6*r**3 + r**2 + 5*r + 3. Let h(u) = -6*t(u) + 5*x(u). Determine h(-5).
-3
Let f(n) = 3*n**3 + n - 1. Let s be f(1). Suppose 8 = -0*y - 2*y, 0 = s*x - y - 10. Let i(b) = -2*b**2 + 1. Determine i(x).
-7
Suppose 0*s - 8 = -4*s. Let j(d) = -d**2 + d. Let t(b) = -5*b**2 + 5*b + 1. Suppose 2 + 28 = 5*q. Let c(n) = q*j(n) - t(n). What is c(s)?
-3
Let z(r) = r**3 - 6*r**2 + 2. Let g be z(6). Let j(p) = -p**2 + 2*p + 1. Give j(g).
1
Let n(r) = 6*r**3 - 2*r**2 + 1. Let y(k) = k**2 - 3*k + 4. Let g be 